s(t)?
-3
Suppose 0*t - 2 = -2*t. Let b(u) = 2*u + u**2 + t - 9 + 2. Give b(-5).
9
Suppose 3*o - 2 - 1 = 0. Let k(d) be the first derivative of 5*d**2/2 + d - 12. Give k(o).
6
Let k(a) = -28*a + 10*a - 4 + 17*a + 4. Let f(j) = -2*j - 3. Let w be f(-2). Calculate k(w).
-1
Let r(p) = p + 13. Let n be r(-9). Let c(q) = 2*q - 1. Give c(n).
7
Let w(i) = -4 + 6*i + 5 + 3*i - 8*i. What is w(1)?
2
Let x(l) = -4 - 1 - l**3 - 2*l**2 + l + 5 - 1. Determine x(-3).
5
Let z = 18 - 13. Let y(u) be the second derivative of u**6/360 - u**5/24 - u**4/4 + u**3/2 + 3*u. Let h(c) be the second derivative of y(c). Determine h(z).
-6
Let l(c) = -8*c + 3. Let q(v) = -v + 8. Let a be q(6). Give l(a).
-13
Let u(z) = 0*z**3 - 3 + 4*z - 4*z**2 + z**3 + 4. Let r be 7 + -2 + -2 + 3. Suppose 0*t = 2*t - r. Calculate u(t).
4
Let z(l) = -5*l**3 - 12*l**2 + 4. Let g(x) = 9*x**3 + 23*x**2 - 7. Let m(r) = 6*g(r) + 11*z(r). Let p = 12 + -6. Determine m(p).
2
Let q(d) = d + 10. Suppose 3*z + 14 = -4*o + 5*o, 0 = 3*z - 4*o + 2. Determine q(z).
4
Let l(f) = f**2 - 2*f + 5*f**2 + 3*f - 4 + 3. Let p(h) = -11*h**2 - 3*h + 1. Let q(g) = -5*l(g) - 3*p(g). Give q(-2).
6
Let x be ((-10)/8)/(1/(-4)). Let c = 7 - x. Let q(v) = -4*v + 2*v - 2 + 3*v - c*v. Determine q(-4).
2
Let r = 3 - 2. Let d(j) = 2 - r + 2*j - 8. Let s be d(5). Let c(k) = k - 3. What is c(s)?
0
Let t(o) be the second derivative of -o**3/6 - o. Suppose a - j + 6 = -0*j, -2*j - 10 = 0. Let k be 2/a + (-39)/(-33). Determine t(k).
-1
Let g(r) be the second derivative of r + 3/2*r**2 + 1/3*r**3 + 0. Let u be 4 - 2 - (-1)/1. Calculate g(u).
9
Let w(z) be the second derivative of -z**4/12 + z**3/3 + 2*z**2 - 18*z. Calculate w(4).
-4
Let r(j) = 3*j + 1. Let w(g) = 7*g - 8 - g**2 + 5*g - 3*g + 2*g. Let f be w(10). Calculate r(f).
7
Let m(g) = -g**2 - 8*g - 1. Suppose -4 = k - h, -5*k + 3*h = -0*h + 20. Give m(k).
15
Let g(h) be the third derivative of 1/12*h**4 - 1/3*h**3 + 2*h**2 + 0*h + 0. Suppose -15 = -6*u + u. Determine g(u).
4
Suppose 0*c - 8 = -4*c. Suppose -4*r = -2*m - 6, c*r + 20 = -4*m - 2. Let u(i) = i**3 + 6*i**2 + 3*i - 5. What is u(m)?
5
Let x(d) = d**3 + 6*d**2 - 7*d + 6. Let l be x(-7). Let w be -5*(-1)/(10/l). Let s(b) = 2*b - 3. Determine s(w).
3
Let r(s) = -s - 11. Suppose -j = 4*j. Suppose j*q - 2*q - 12 = 0. What is r(q)?
-5
Let n(z) = 5*z + 3*z - 7*z - 8. Let d = 1 - 1. Suppose -a + 5*a - 20 = d. Give n(a).
-3
Let y(d) = -110*d - 4*d**2 + 3*d**2 - 4 + 112*d. Suppose 16 = -0*v + 4*v - 4*i, 0 = -v - 3*i. Give y(v).
-7
Let z(w) be the second derivative of -2*w**3 + w**2/2 + 13*w. Determine z(-1).
13
Suppose -2 = 2*f + 6. Let b(w) be the first derivative of -3*w + w**2 - 2*w**2 + 3 - 5. Give b(f).
5
Let z(j) = 2*j - 2. Let w be z(3). Let d(s) = w + 0*s - 32*s**2 + 0*s + 33*s**2. Give d(0).
4
Suppose 3*m - 5 - 4 = 0. Suppose 1 = -s - m. Let z(r) = r**3 + 4*r**2 + 4. Determine z(s).
4
Let d(x) = -x**3 - 2*x**2 + 1. Suppose 5*q = 3*q. Let h be -4 - -14 - (q - 0). Suppose -5*o + 0 = h. Calculate d(o).
1
Let l(j) = -2*j + 2. Let u(z) = -2*z + 2. Let h(k) = 5*l(k) - 6*u(k). Let r(m) = -m**3 + 11*m**2 - 11*m + 12. Let n be r(10). Give h(n).
2
Let l(k) = -7*k. Let m(q) = 14*q + 1. Let v(f) = -7*l(f) - 3*m(f). Give v(2).
11
Let z(u) = -u - 3. Let v = -7 - -2. Calculate z(v).
2
Let v(q) be the second derivative of 0 + 9/2*q**2 - 1/6*q**3 + 4*q. Give v(5).
4
Let f(z) be the first derivative of -2*z - 1/2*z**2 - 1/3*z**3 - 2. Give f(0).
-2
Let j(l) be the third derivative of 0*l - 4*l**2 + 0*l**3 + 1/12*l**4 + 0 - 1/120*l**6 + 1/20*l**5. Determine j(3).
6
Let n(f) = f**2 - 10*f + 9. Let x(i) be the first derivative of -i**3/3 + 11*i**2/2 - 10*i + 5. Let w(c) = 7*n(c) + 6*x(c). Give w(3).
0
Suppose 3*b = -d + 11, -4*d = 3*b + d - 19. Suppose b*s = s - 10. Let t(l) = -2*l**3 + 3*l**3 + l + 7 + 5*l**2 - 4. What is t(s)?
-2
Let j(m) = m**3 - 7*m**2 - m + 2. Let n be j(7). Let z(o) = o**2 + 3*o - 2. Calculate z(n).
8
Suppose 13 = -0*d + 3*d + 2*q, -4*d = 5*q - 22. Let x = 18 + 10. Let k(v) = -x + 12 + 13 + 5*v. Calculate k(d).
12
Let w(c) be the first derivative of -2*c**3/3 + 5*c**2/2 - 3*c + 6. Determine w(3).
-6
Let h be ((-2)/(-4))/((-3)/18). Let f(z) = -4*z + 3 + 5*z + 0*z + z - z**2. Determine f(h).
-12
Let c(m) = -m**3 + 5*m**2 + 7*m - 3. Let s be c(6). Let t be (-1)/s - 2/(-6). Suppose t = -0*r + r + 1. Let o(b) = 7*b**3 + 2*b**2 - 1. Calculate o(r).
-6
Let j(q) = -2*q**3 + 2*q**2 - q + 2. Let g(x) = x**2 - 6*x + 2. Suppose -2*r = d - 16, -2*d + r + 4*r = 13. Let f be g(d). Determine j(f).
-8
Suppose 14 = 6*a + 50. Let t(q) = q**3 + 6*q**2 - 2. Give t(a).
-2
Let i(k) = -4*k**3 - k**2 + k - 1. Suppose 0 = 4*d - 25 + 1. Let a = d - 5. What is i(a)?
-5
Let g(y) = -y + 2. Let r(c) = c**3 - 5*c**2 + 2*c - 6. Suppose -3*s + 10 = -s. Let h be r(s). Determine g(h).
-2
Suppose 0 = -3*s - 0*s + 9. Let v(b) = 5*b - 2*b + 16 + 7*b**2 - 22 + b + b**s. Determine v(-6).
6
Let d(v) be the second derivative of v**3/6 + 4*v**2 + 3*v. Let u be d(-6). Let h(l) = -5 + 4 - 5*l**2 + 11*l**u - 2*l. What is h(-1)?
7
Let p(y) be the third derivative of y**7/2520 + y**6/240 + y**5/120 - y**4/6 - 4*y**2. Let o(u) be the second derivative of p(u). Give o(-3).
1
Let r(u) = -14*u**3 + u**2 - u. Let x(z) = z - 5. Let p be x(6). Calculate r(p).
-14
Let f be 2/3 + 2/6. Let v(o) be the first derivative of -o**2 - 28. Calculate v(f).
-2
Let i(q) = 3*q**3 - q + 1. Let f(l) = 2*l**2 - 7*l + 2. Let g(h) = -3*h**2 + 13*h - 3. Let m(d) = 5*f(d) + 3*g(d). Let v be m(-4). Determine i(v).
3
Let s be (15/10)/(4/(-8)). Let w(d) = d**2 - d - 4. Determine w(s).
8
Let s(v) = 6*v - 1. Let u(n) = 0 - n**2 + 4 - 4. Let t be u(-1). Calculate s(t).
-7
Let z be 54/(-8)*(-40)/15. Let c be 32/z - (-2)/9. Let b(r) = 1 - 2*r**c - 3*r**3 + 0*r**2 - 2*r**3. What is b(-1)?
4
Suppose 2*g + 5*u + 34 = 0, -6*u + 19 = -g - 9*u. Let h(q) = -q + 4. Calculate h(g).
11
Let q(x) = x**2 - 7. Let z = -13 + 10. Let t be q(z). Let m(l) = l**3 - l**2 - 2*l + 1. Calculate m(t).
1
Let t(h) be the first derivative of -3*h - 1/2*h**2 + 1. Suppose 0 = -u - 8 + 3. Give t(u).
2
Let b(a) = -4*a - 1. Suppose 7*j - 3*j + 4 = 0. Give b(j).
3
Let k(c) = 5 + 2 + 2*c**2 + 4*c + 1 - 4. Give k(-3).
10
Let s(a) = 3*a + 4. Let v be ((-216)/63)/((-4)/14). Suppose -v = -5*n + n. Determine s(n).
13
Let c(j) = -j**2 + 4. Let b(g) = -g**3 - 5*g**2 - 7*g - 3. Let f be b(-3). Let k be c(f). Let t(i) = 2*i**2 - 7*i + 5. What is t(k)?
9
Let d(l) = 13*l**3 - 7*l**2 + 3*l - 7*l**3 - 7*l**3 + 14. Determine d(-7).
-7
Let t(g) = -8 + 0*g**2 + 3*g**2 + g**2 + g**3 - 2*g + 2*g**2. What is t(-6)?
4
Let f(x) = 3*x + 1. Let y(i) = -11*i - 5. Let d(m) = 9*f(m) + 2*y(m). What is d(1)?
4
Suppose 3*x - 2 = 5*x. Let f(n) = -7*n. Determine f(x).
7
Let u(v) = -v**2 + 5*v + 11. Let g be u(6). Let s(j) be the first derivative of -1/4*j**4 + g*j + 4 + 2*j**3 - 5/2*j**2. What is s(5)?
5
Let y(q) = -3*q**2 + q - 2. Suppose 0 = -70*z + 68*z + 4. Determine y(z).
-12
Let t(j) be the second derivative of -j**5/10 - j**4/12 + j**3/2 + j**2 + 2*j - 14. What is t(-2)?
8
Let z(l) = -2*l**2 + 5*l - 5. Let w(k) = -k**2 + 3*k - 3. Let a(r) = 5*w(r) - 3*z(r). Give a(2).
4
Suppose 12 = -4*a + 6*a. Let x(t) = t**3 - 6*t**2 + 2*t - 9. Give x(a).
3
Let f(j) be the third derivative of -1/60*j**5 + 0*j + 6*j**2 - 2/3*j**3 + 0 - 1/24*j**4. What is f(-3)?
-10
Let x(c) be the third derivative of 3/2*c**3 + 0*c + 0 - 4*c**2 - 1/3*c**4 + 1/60*c**5. Calculate x(6).
-3
Let q(l) = -2*l**2 + l + 9 + l**3 - l**2 - 7. What is q(2)?
0
Suppose -12 = -83*m + 85*m. Let j(i) = -i**2 - 4*i + 8. Determine j(m).
-4
Let h = -6 + 9. Let x = -4 + h. Let r(q) = 4*q. Calculate r(x).
-4
Let d(c) be the second derivative of c**4/12 - 5*c**3/6 + 2*c**2 + 13*c. Determine d(4).
0
Let d(y) = -4*y. Let o be 5/((-130)/(-48)) - 4/(-26). What is d(o)?
-8
Let s(g) = -1 - 17*g**3 + 18*g**3 + 2*g**2 - 4*g**2 + g**2. Let w(h) = 5*h**3 - 3*h**2 - h + 3. Let m(d) = -4*s(d) + w(d). Calculate m(0).
7
Let u = 6 + -4. Let d(p) = -3*p**3 + 3*p**2 - 3*p + 2. Calculate d(u).
-16
Let b(c) = -c**2 + 7*c + 3. Let z(d) = 2*d**2 - 15*d - 7. Let s(i) = -9*b(i) - 4*z(i). Let w = 13 + -9. What is s(w)?
5
Let v = -1 + 0. Let x(z) = 1. Let w(m) = m + 2. Let g(h) = v*w(h) - 2*x(h). Determine g(-6).
2
Let w(v) = v**